iple of 291?
True
Is 13015959 a multiple of 4?
False
Does 10 divide 5082710?
True
Is 3648 a factor of 110849437?
False
Is 310122069 a multiple of 743?
False
Does 920 divide 4317270164?
False
Is 1541915793 a multiple of 423?
True
Is 19 a factor of 386700934?
False
Is 507432965 a multiple of 13?
True
Is 4 a factor of 73850302?
False
Does 18 divide 215905770?
True
Does 2 divide 7038565?
False
Is 226 a factor of 13797375?
False
Does 386 divide 1819341420?
False
Is 134998584 a multiple of 14?
True
Does 441 divide 657436185?
True
Is 6622393 a multiple of 24?
False
Does 10 divide 159553600?
True
Is 955265375 a multiple of 65?
False
Is 1724 a factor of 96228726?
False
Is 75108460 a multiple of 158?
True
Does 17 divide 1613388570?
True
Is 101 a factor of 24937102?
True
Is 34 a factor of 31689462?
True
Is 660 a factor of 4373160?
True
Is 944 a factor of 25285040?
True
Does 1432 divide 22188840?
True
Is 3055 a factor of 297245390?
True
Is 601 a factor of 17710869?
True
Is 91 a factor of 7389746?
True
Does 131 divide 79092915?
False
Does 237 divide 792335082?
True
Does 1408 divide 65495781?
False
Is 47 a factor of 1260028538?
False
Does 26 divide 325335467?
False
Is 1768 a factor of 132235792?
True
Does 5858 divide 1563357334?
False
Is 39402480 a multiple of 29?
False
Is 417864309 a multiple of 259?
False
Does 73 divide 221233873?
True
Is 21776521 a multiple of 228?
False
Is 1678871138 a multiple of 379?
False
Is 39238029 a multiple of 174?
False
Is 41452086 a multiple of 43?
True
Is 9883531 a multiple of 73?
False
Is 5 a factor of 434524247?
False
Is 22647950 a multiple of 325?
True
Is 6 a factor of 43367093?
False
Does 204 divide 349385700?
True
Does 2 divide 162193934?
True
Is 260 a factor of 141680760?
True
Does 139 divide 688330954?
False
Is 332 a factor of 36779495?
False
Is 19 a factor of 242412743?
False
Is 543539865 a multiple of 46?
False
Does 11 divide 54671408?
True
Is 683172 a multiple of 36?
True
Is 1193 a factor of 51732586?
False
Is 13 a factor of 287878089?
False
Is 78400126 a multiple of 3715?
False
Is 30686608 a multiple of 25?
False
Is 835768204 a multiple of 55?
False
Is 9 a factor of 223147239?
False
Is 135545717 a multiple of 1027?
False
Is 387 a factor of 4801372?
False
Is 193446292 a multiple of 179?
False
Does 132 divide 242454036?
True
Is 28 a factor of 1661490096?
True
Is 5 a factor of 243401403?
False
Does 590 divide 598457650?
True
Is 36 a factor of 3217519?
False
Is 36 a factor of 2050787232?
True
Is 146390250 a multiple of 150?
True
Is 142 a factor of 61263486?
True
Is 41778792 a multiple of 1122?
True
Does 8 divide 14633104?
True
Does 234 divide 26547210?
False
Does 594 divide 119467656?
True
Is 57 a factor of 7023899?
False
Does 30 divide 40717741?
False
Is 2719 a factor of 817362282?
False
Does 78 divide 169325988?
True
Is 181634710 a multiple of 53?
True
Is 134 a factor of 98941594?
False
Is 2245520 a multiple of 80?
True
Is 158482614 a multiple of 177?
True
Does 7 divide 2814626896?
False
Is 67722724 a multiple of 7?
False
Is 606042705 a multiple of 17?
False
Is 474 a factor of 21621432?
False
Does 100 divide 98206379?
False
Is 25261333 a multiple of 196?
False
Is 25 a factor of 279853875?
True
Is 78911661 a multiple of 1856?
False
Does 70 divide 55682270?
True
Does 162 divide 9397696?
False
Is 21956760 a multiple of 105?
True
Is 5 a factor of 6006382?
False
Is 157 a factor of 83103397?
True
Does 543 divide 1977872070?
True
Does 1336 divide 915500680?
True
Is 51003444 a multiple of 12?
True
Does 246 divide 342367302?
True
Does 784 divide 141178299?
False
Is 10 a factor of 16863883?
False
Does 35 divide 5410615?
True
Is 32874964 a multiple of 18?
False
Is 12 a factor of 242127381?
False
Is 423392359 a multiple of 44?
False
Is 4499926298 a multiple of 73?
True
Does 190 divide 126524230?
True
Is 83454434 a multiple of 20?
False
Is 399 a factor of 121588068?
True
Is 72607217 a multiple of 33?
False
Is 2459 a factor of 62559419?
True
Is 44454699 a multiple of 54?
False
Does 7 divide 182801700?
False
Does 1878 divide 34378668?
True
Is 4015 a factor of 96584840?
True
Is 211 a factor of 9139254?
True
Does 200 divide 878005600?
True
Does 724 divide 376754429?
False
Does 30 divide 288112950?
True
Does 92 divide 160627216?
True
Is 342 a factor of 4356170?
False
Is 53425416 a multiple of 209?
True
Is 7674363 a multiple of 389?
False
Does 8 divide 216362348?
False
Is 86237615 a multiple of 200?
False
Is 2252380 a multiple of 5?
True
Is 5 a factor of 24683197?
False
Is 337 a factor of 5191613734?
True
Is 2195193 a multiple of 21?
True
Is 2035 a factor of 15737712?
False
Does 31 divide 19721627?
False
Does 119 divide 1905567825?
True
Does 5442 divide 795289003?
False
Is 97227549 a multiple of 303?
True
Is 295361028 a multiple of 12?
True
Is 534 a factor of 5640135234?
True
Is 25 a factor of 59847300?
True
Is 1479004865 a multiple of 13?
True
Is 57560015 even?
False
Does 6380 divide 1060321450?
False
Does 9678 divide 1437676578?
True
Is 5 a factor of 11999850?
True
Is 1012896 a multiple of 9?
True
Is 5299 a factor of 203847231?
True
Is 1019 a factor of 344906025?
True
Does 20 divide 13955020?
True
Does 1709 divide 2520723730?
True
Does 4 divide 181210892?
True
Does 1916 divide 95951364?
True
Is 3096078302 a multiple of 70?
False
Does 40 divide 1363025?
False
Is 72 a factor of 259376760?
True
Does 308 divide 15244460?
True
Is 16 a factor of 289998089?
False
Is 6406210 a multiple of 12?
False
Is 2611632478 a multiple of 91?
True
Is 12 a factor of 1178104?
False
Does 11 divide 1163994315?
True
Is 58928661 a multiple of 11?
True
Is 1066 a factor of 715956514?
True
Is 1095 a factor of 104191440?
True
Is 37 a factor of 4027526?
False
Is 49 a factor of 48758920?
True
Is 93 a factor of 29690011?
False
Is 131 a factor of 7296962?
True
Is 48 a factor of 71282499?
False
Does 33 divide 661347243?
False
Is 674 a factor of 156434052?
True
Is 2402619802 a multiple of 4241?
True
Does 32 divide 86674560?
True
Is 661 a factor of 1071586760?
True
Is 73 a factor of 11678540?
True
Does 4 divide 59674059?
False
Does 8273 divide 519445124?
True
Is 19407818 a multiple of 4?
False
Is 302625275 a multiple of 846?
False
Is 88899724 a multiple of 47?
False
Does 19 divide 2246714921?
False
Is 6383914334 a multiple of 1979?
False
Does 153 divide 42222993?
False
Does 60 divide 602812380?
True
Is 63078526 a multiple of 179?
True
Does 2266 divide 44964862?
False
Is 962 a factor of 2969328624?
False
Is 9781 a factor of 2167851059?
True
Does 10 divide 230401120?
True
Does 13 divide 3719824563?
True
Does 90 divide 248236650?
True
Is 3 a factor of 4846679?
False
Is 47 a factor of 39649247?
True
Does 10 divide 40960130?
True
Is 967 a factor of 621369902?
False
Is 10 a factor of 437146800?
True
Does 478 divide 603010862?
True
Is 5 a factor of 6740395?
True
Does 2032 divide 989996836?
False
Is 15502373 a multiple of 102?
False
Is 7244862363 a multiple of 76?
False
Is 229 a factor of 60911939?
True
Is 10540172 a multiple of 178?
False
Is 115110739 a multiple of 41?
True
Is 70 a factor of 38195822?
False
Is 26 a factor of 355679708?
False
Is 16 a factor of 63602768?
True
Does 12 divide 14589273?
False
Does 398 divide 320521340?
True
Is 4 a factor of 153312036?
True
Does 132 divide 35123880?
True
Is 96982076 a multiple of 2714?
True
Is 170 a factor of 293906710?
True
Is 182 a factor of 3817321835?
False
Is 297239922 a multiple of 18?
True
Is 71 a factor of 965245852?
True
Is 196899457 a multiple of 37?
False
Does 1665 divide 249867455?
False
Is 5 a factor of 10591595?
True
Is 2 a factor of 3864702?
True
Is 426 a factor of 80470548?
True
Is 142896261 a multiple of 4224?
False
Does 137 divide 63658831?
True
Is 427 a factor of 61702354?
True
Does 23 divide 243353419?
False
Is 599547844 a multiple of 1162?
True
Is 1226804008 a multiple of 1843?
True
Is 18248448 a multiple of 96?
True
Is 7 a factor of 3089388?
False
Is 1652 a factor of 28523432?
True
Is 33210030 a multiple of 23?
False
Does 207 divide 104911947?
True
Does 17 divide 1506789455?
False
Does 184 divide 221372202?
False
Is 33 a factor of 17689461?
False
Is 23697015 a multiple of 197?
False
Is 159141191 a multiple of 12?
False
Does 46 divide 360788613?
False
Does 14 divide 79640512?
True
Is 5725498 a multiple of 323